 16
-b875f
What is -6915184 (base 10) in base 6?
-404114424
What is 12948 (base 16) in base 3?
10212101200
1011011110100001 (base 2) to base 14
131bb
Convert -12b8ca (base 13) to base 7.
-3600623
What is -2d002d (base 14) in base 15?
-211a67
What is -274446 (base 8) in base 12?
-47a5a
Convert -802750 (base 14) to base 6.
-232211254
Convert 11010a5 (base 12) to base 16.
31633d
Convert 55507 (base 13) to base 12.
755aa
Convert -313203401 (base 5) to base 8.
-4762061
What is -142422 (base 8) in base 13?
-19c6a
-30802b (base 14) to base 2
-110001111010010000111
Convert -110000111110101010 (base 2) to base 6.
-4144442
What is -510442 (base 6) in base 4?
-21312122
What is -11cad (base 15) in base 3?
-2220000001
4a77 (base 13) to base 15
3201
Convert -1977285 (base 13) to base 7.
-131156505
Convert -10f47b (base 16) to base 8.
-4172173
What is -1232202232 (base 4) in base 11?
-28a200
What is -1000111001001000 (base 2) in base 6?
-440344
What is 512145015 (base 6) in base 3?
121112100021102
Convert 213031233 (base 5) to base 11.
570484
What is 10c08 (base 16) in base 12?
33860
What is 2616547 (base 11) in base 13?
c291a1
What is 111010101111001 (base 2) in base 11?
2065a
6dc2fc (base 16) to base 15
971560
Convert 200212110100 (base 3) to base 9.
625410
-55213014 (base 7) to base 8
-22057547
Convert 55325550 (base 6) to base 4.
12111110022
Convert 1723a4 (base 16) to base 8.
5621644
Convert -43040012 (base 5) to base 13.
-c8941
-d282 (base 15) to base 4
-22312133
Convert 327803 (base 9) to base 5.
22233043
Convert -154024 (base 9) to base 14.
-2678c
What is 11011101010000110110 (base 2) in base 10?
906294
-557706 (base 11) to base 4
-3120330312
What is -1010001110101000 (base 2) in base 6?
-521544
Convert 1133304 (base 6) to base 8.
163310
-81219 (base 15) to base 3
-202202211120
39cc2 (base 13) to base 10
107642
-110001101010010011 (base 2) to base 11
-12990a
Convert -13203130 (base 6) to base 8.
-1523676
-1110001000110111 (base 2) to base 16
-e237
13485010 (base 9) to base 16
65c53e
Convert 6145c (base 14) to base 13.
82732
What is 4a322d (base 14) in base 10?
2544121
-1b2a71 (base 14) to base 2
-11101100010100001011
Convert 15210132 (base 6) to base 13.
1573a6
Convert -26719b (base 12) to base 14.
-1272d1
Convert 8240a (base 11) to base 14.
31b9a
29b8c (base 15) to base 13
49137
Convert -10304131 (base 5) to base 4.
-111133221
What is 4772966 (base 10) in base 9?
8874245
47b56b (base 15) to base 16
345752
Convert 5331140 (base 6) to base 14.
6b068
What is -2111111201 (base 3) in base 6?
-1015501
Convert -69c853 (base 13) to base 11.
-1466824
What is 25a6a33 (base 14) in base 3?
1021011011020122
-40235115 (base 7) to base 15
-45da10
Convert -301100422 (base 5) to base 12.
-495101
Convert 245255 (base 10) to base 4.
323320013
313bb6 (base 13) to base 12
47613b
What is -14a8a1 (base 11) in base 15?
-49504
13040442 (base 6) to base 3
210121100022
Convert 61a88a (base 11) to base 4.
3302333323
Convert 11111011111111101001000 (base 2) to base 14.
114d34c
1101101001100101110110 (base 2) to base 10
3578230
What is -d01b (base 14) in base 10?
-35697
Convert 194961 (base 10) to base 4.
233212101
-1100110010000000100 (base 2) to base 16
-66404
-51588 (base 12) to base 2
-11001111011111000
-491e18 (base 15) to base 12
-1209335
Convert 26311527 (base 9) to base 15.
1208da1
2352534 (base 8) to base 4
2131111130
efb (base 16) to base 10
3835
10000001010000111000001 (base 2) to base 4
100022013001
What is -2012221020000 (base 3) in base 12?
-48a830
-229367 (base 12) to base 7
-4501441
686755 (base 11) to base 6
35225023
Convert -8974430 (base 11) to base 7.
-250463601
What is -20010111002012 (base 3) in base 10?
-3257231
What is 2153351 (base 7) in base 11?
171382
608530 (base 9) to base 12
1547a6
What is -1738464 (base 13) in base 14?
-10001a5
Convert 6c9b2 (base 14) to base 16.
40c80
Convert -430 (base 15) to base 16.
-3b1
What is -201004033 (base 5) in base 7?
-6530522
-541462 (base 9) to base 16
-4ec26
What is 1311131202 (base 5) in base 11?
1902203
Convert 1a2b74b (base 14) to base 12.
443865b
67303461 (base 8) to base 2
110111011000011100110001
-12022 (base 13) to base 7
-165106
What is 101111111100101111 (base 2) in base 11?
124615
Convert 10428814 (base 9) to base 8.
23161274
-201b36 (base 13) to base 5
-142343222
4470102 (base 8) to base 12
4a336a
-35a951 (base 13) to base 3
-2102001011100
What is 178de2 (base 16) in base 8?
5706742
-88504 (base 9) to base 13
-20968
Convert 1220ab (base 15) to base 4.
3103303100
Convert 2c1ff (base 16) to base 10.
180735
Convert 2108c1 (base 13) to base 10.
772656
13303423023 (base 5) to base 15
172ede3
What is 4bcaac (base 13) in base 2?
110111110001011010011
Convert 13023021 (base 4) to base 13.
104b5
Convert 3066035 (base 7) to base 6.
11530205
Convert 137bb (base 13) to base 7.
211245
Convert 3b272 (base 12) to base 5.
10102330
Convert -11b464 (base 12) to base 6.
-10111004
What is 3022030031 (base 4) in base 2?
11001010001100001101
Convert 1049b (base 12) to base 11.
15113
Convert 6000 (base 10) to base 12.
3580
What is -1043034 (base 8) in base 2?
-1000100011000011100
What is 549cc (base 13) in base 11?
a5188
What is -20218 (base 11) in base 10?
-29543
-5291697 (base 11) to base 15
-c3e9c9
What is 177875 (base 11) in base 5?
32231110
-3103098 (base 10) to base 15
-414683
Convert 1accc (base 16) to base 10.
109772
Convert -124102 (base 10) to base 14.
-33326
Convert 210120532 (base 6) to base 10.
3649736
Convert -4105547 (base 8) to base 15.
-1663e3
1001110100010100 (base 2) to base 7
225144
Convert 432232 (base 6) to base 16.
8abc
2004332 (base 7) to base 3
110000212212
What is -146266 (base 8) in base 11?
-36412
Convert 114302034 (base 5) to base 11.
33a422
88857 (base 9) to base 3
2222221221
What is -101001011100100101 (base 2) in base 8?
-513445
-240040001 (base 5) to base 13
-2c4c90
1344440505 (base 6) to base 16
fb2679
What is -15047d0 (base 14) in base 7?
-152651350
What is -45760 (base 8) in base 9?
-28600
What is 15663522 (base 7) in base 5?
342401301
1dd03 (base 16) to base 4
131310003
What is 1000010101101001110010 (base 2) in base 6?
114503350
Convert 130542223 (base 7) to base 14.
116b94a
What is -10476 (base 12) in base 16?
-539a
2102244021 (base 5) to base 2
10000100010111011101010
10334114044 (base 5) to base 8
52676371
Convert 5530063 (base 7) to base 8.
2457150
Convert -2616516 (base 9) to base 2.
-101011100110000110011
2208834 (base 9) to base 4
10201322203
10303112123 (base 4) to base 14
24aadd
What is -3602da (base 14) in base 8?
-7022510
What is -1000010011000000001 (base 2) in base 7?
-2211430
Convert 10101101110101111001011 (base 2) to base 9.
11642058
Convert -a76a86 (base 13) to base 5.
-2001142324
1df420 (base 16) to base 5
1000304130
Convert -510b36 (base 12) to base 14.
-24d7bc
-4d0d7c (base 14) to base 6
-132512030
What is -114525515 (base 6) in base 9?
-4105562
1132202020 (base 4) to base 14
a117a
What is -316777 (base 10) in base 8?
-1152551
-1000110111110001011111010 (base 2) to base 7
-314065245
Convert aed97 (base 16) to base 13.
1c0ca0
What is 100100100100011010100011 (base 2) in base 14?
13b77c7
What is -28167c9 (base 13) in base 11?
-7171a43
-41021a (base 11) to base 5
-132042413
Convert -1101111110011111100 (base 2) to base 11.
-2930a6
Convert -5205376 (base 10) to base 5.
-2313033001
Convert -a9b30 (base 16) to base 11.
-435259
What is -11001011001 (base 2) in base 6?
-11305
Convert -7536325 (base 10) to base 5.
-3412130300
Convert 2773 (base 10) to base 5.
42043
14062 (base 16) to base 12
3b56a
6462025 (base 9) to base 11
1a57907
-2440203 (base 8) to base 3
-1021010122021
-15312 (base 13) to base 9
-60860
Convert 2112323432 (base 5) to base 14.
82db83
What is 457264 (base 16) in base 13?
c34777
Convert 4241402 (base 5) to base 4.
101130311
What is 1004341 (base 6) in base 14?
1351b
-21c22 (base 16) to base 15
-2ae84
Convert -2289447 (base 10) to base 16.
-22ef27
What is -177869 (base 12) in base 14?
-a861b
-504841 (base 9) to base 2
-1001000111101011110
What is 404277 (base 8) in base 16?
208bf
-30044200 (base 7) to base 5
-1113403303
Convert 6201720 (base 11) to base 4.
221302033010
-12202211211222 (base 3) to base 16
-2ece83
What is -1111111111111101 (base 2) in base 4?
